n base 3, what is 11012222001102202 - -2?
11012222001102211
In base 6, what is -41512350353 + 0?
-41512350353
In base 15, what is 67 + -4a4a3?
-4a43b
In base 14, what is -2822d + 3?
-2822a
In base 7, what is -121 + 203101?
202650
In base 7, what is -400564 + -3523?
-404420
In base 11, what is 1450 - 7773?
-6323
In base 14, what is -2 + 10312073?
10312071
In base 12, what is -202a5 + -94?
-20379
In base 11, what is -5 - a28517?
-a28521
In base 13, what is -401256 + 1aa?
-401079
In base 16, what is -5 + c124be?
c124b9
In base 11, what is 4 + -97a970a7?
-97a970a3
In base 16, what is 3a6 + 2d1?
677
In base 16, what is 8 + -10a3fc?
-10a3f4
In base 6, what is 151341 + 13001?
204342
In base 15, what is -51ea7 - -1aa?
-51cec
In base 14, what is -25 - 2c36a?
-2c391
In base 9, what is 43375 - -4333?
47718
In base 10, what is -29 - -117986?
117957
In base 7, what is -11 - 4356245?
-4356256
In base 12, what is 184 + -a02bb3?
-a02a2b
In base 3, what is 10001212 - 11121?
2220021
In base 15, what is -4 - 29922a0?
-29922a4
In base 16, what is -58 - -6e44c0?
6e4468
In base 5, what is -1442120 + -140?
-1442310
In base 4, what is 1222 - 211202?
-203320
In base 7, what is 1 - -164521652?
164521653
In base 6, what is -33551054 - -242?
-33550412
In base 12, what is -26712 - 46?
-26758
In base 13, what is 3a3885 - c?
3a3876
In base 6, what is 2555510551 + -1?
2555510550
In base 15, what is a6229d + 5?
a622a3
In base 4, what is -331221003 - -23333?
-331131010
In base 16, what is -73 + 13ca4?
13c31
In base 4, what is -1111333200030 - 1?
-1111333200031
In base 15, what is 4bdb - -7cc0?
c9ab
In base 5, what is 123 - -342123221?
342123344
In base 14, what is -6bbbc + -35?
-6bc13
In base 8, what is 1004042 + 150?
1004212
In base 4, what is 21000 - -120122301?
120203301
In base 12, what is 11 + -121550b?
-12154ba
In base 12, what is 0 - 21834b84?
-21834b84
In base 7, what is -1202 - -21522?
20320
In base 15, what is 17a0 + 19eae?
1b75e
In base 2, what is 10001101 - -11010010110100?
11010101000001
In base 12, what is 5 + -1ab04ab5?
-1ab04ab0
In base 16, what is -438 - -45f03?
45acb
In base 13, what is 27a02 + bb?
27ac0
In base 11, what is -220 + -513297?
-513507
In base 13, what is 122c - 18b6a?
-1793b
In base 10, what is -693018 + 1053?
-691965
In base 13, what is -64 + 22387?
22323
In base 16, what is 494 + 9115?
95a9
In base 7, what is 343 + -35034?
-34361
In base 3, what is -202 + -1111011000202?
-1111011001111
In base 15, what is 3d + -15707b?
-15703d
In base 7, what is -123150562 - 10?
-123150602
In base 9, what is -504875 + -33?
-505018
In base 9, what is 124854 - 687?
124156
In base 2, what is 11100110110110011110101 - 1000?
11100110110110011101101
In base 9, what is -13573732 - -3?
-13573728
In base 10, what is 127347 - -12772?
140119
In base 11, what is -15 - -9457041?
9457027
In base 16, what is -1 + 5666061?
5666060
In base 11, what is 3058 - 1071?
1a97
In base 2, what is 0 - 1101010101111010001111001110?
-1101010101111010001111001110
In base 7, what is 45204 + 31412?
106616
In base 13, what is -10129 - 167?
-10293
In base 3, what is 122201 + 212012100111?
212020000012
In base 5, what is -424 + -2040310?
-2041234
In base 2, what is -1101010111101001001001 + 1001?
-1101010111101001000000
In base 5, what is -10 + -2014110432?
-2014110442
In base 6, what is 23301 + 205334?
233035
In base 8, what is -5 - -75246012?
75246005
In base 13, what is -230 - 1132b0?
-113510
In base 5, what is -103000343202 + 0?
-103000343202
In base 8, what is 4403200 - -455?
4403655
In base 10, what is 526 - -347350?
347876
In base 7, what is 41614 + 101535?
143452
In base 13, what is 13 - 1c0433?
-1c0420
In base 16, what is -4 - -1ef59e?
1ef59a
In base 6, what is -523453351 + 3?
-523453344
In base 16, what is 214eca8 + -2?
214eca6
In base 16, what is -2 - 3eb3811?
-3eb3813
In base 16, what is -2 - 5b5b7bd?
-5b5b7bf
In base 12, what is -2a - -2514833?
2514805
In base 8, what is 214564 + 300?
215064
In base 12, what is 94a994 - -4a?
94aa22
In base 12, what is -286 - -22a713?
22a449
In base 12, what is -2 - 542295?
-542297
In base 14, what is -20200 - 2c1?
-204c1
In base 4, what is 3 - -311233002000?
311233002003
In base 3, what is -2222220 - -1011120011?
1001120021
In base 9, what is 0 + 31640041?
31640041
In base 7, what is 3606 + 4616?
11525
In base 5, what is -43 - -200100040?
200044442
In base 7, what is 10525643 - 31?
10525612
In base 16, what is -d + -22f849?
-22f856
In base 5, what is -103 + 2104320440?
2104320332
In base 15, what is e - -1487?
1496
In base 12, what is 3a1b7 - -130?
3a327
In base 12, what is -19 - 41464?
-41481
In base 10, what is 350129435 - -3?
350129438
In base 8, what is 35 - 3476241?
-3476204
In base 11, what is 7826023 - 3?
7826020
In base 7, what is -66652431 - 4?
-66652435
In base 7, what is 1635 + 3062640?
3064605
In base 13, what is 108636c - 1?
108636b
In base 8, what is -210 + -1672103?
-1672313
In base 7, what is -2 + -365303032?
-365303034
In base 3, what is -1211221001221 + 1221?
-1211221000000
In base 13, what is -35aa3a + -56?
-35aa93
In base 10, what is -13203544 - 157?
-13203701
In base 11, what is -41a0 + -1228?
-5418
In base 4, what is -3332100011 - 1122?
-3332101133
In base 7, what is 6610 - -226?
10136
In base 2, what is -11001 + -1011010101101000111010?
-1011010101101001010011
In base 13, what is -15 - cabb2?
-cabc7
In base 11, what is -3881282 - 1?
-3881283
In base 10, what is -51083 - 841?
-51924
In base 13, what is -a3 - 1b374?
-1b447
In base 10, what is 2045 + 4205?
6250
In base 5, what is -143102322 - -1?
-143102321
In base 16, what is 17c27 + -10?
17c17
In base 13, what is -4 - -38b54a?
38b546
In base 7, what is -341046662 + 61?
-341046601
In base 6, what is 5 + 100223424?
100223433
In base 4, what is -100213022 - -1233?
-100211123
In base 5, what is 401404342 + 1?
401404343
In base 14, what is 31b6 - 13096?
-dcc0
In base 7, what is -555 - 1032564?
-1033452
In base 4, what is 333313202210 - 2?
333313202202
In base 7, what is 22 - 522300?
-522245
In base 15, what is -1bc0053d + -1?
-1bc0053e
In base 3, what is -221002022221 - -210?
-221002022011
In base 12, what is 250291b0a + 3?
250291b11
In base 14, what is 7a + -2002c?
-1dd92
In base 11, what is 1618778 + 5?
1618782
In base 3, what is 111 + 2111000000021?
2111000000202
In base 6, what is -102222002 - 2?
-102222004
In base 16, what is 73b5 - -4254?
b609
In base 2, what is 100 - -100101111011001001111?
100101111011001010011
In base 14, what is 15cb6b78 - -4?
15cb6b7c
In base 2, what is 101110000001110010000001101 + -11?
101110000001110010000001010
In base 14, what is -337cc60 + 4?
-337cc5a
In base 12, what is -6876b20 + 9?
-6876b13
In base 11, what is 209757a2 - -5?
209757a7
In base 2, what is 10011001100100010 - -1110111?
10011001110011001
In base 4, what is 1012131120002 + 0?
1012131120002
In base 2, what is 100 + -1100101001100000011?
-1100101001011111111
In base 6, what is -50535555 - -1014?
-50534541
In base 16, what is 2eed9 - 8?
2eed1
In base 16, what is fe - de6c7?
-de5c9
In base 5, what is -4 - -420224104?
420224100
In base 16, what is -3 + 25abb62?
25abb5f
In base 9, what is 28803756 + 6?
28803763
In base 5, what is 14 + 102022330334?
102022330403
In base 6, what is -325012 + 5355?
-315213
In base 11, what is -79 + -310377?
-310445
In base 16, what is -3a - -252ce?
25294
In base 4, what is -11210 + 32003121?
31331311
In base 6, what is 14350524005 + -1?
14350524004
In base 13, what is 5aa11 + -74?
5a96a
In base 16, what is -1 + -35d0372?
-35d0373
In base 5, what is -143 - -1223034?
1222341
In base 7, what is 216403604 - -52?
216403656
In base 10, what is 28 + 266896?
266924
In base 11, what is 585a0 - 1478?
57123
In base 3, what is 200011021010221 - -120?
200011021011111
In base 5, what is -14010332 + 13?
-14010314
In base 3, what is -121212100 + 1021100002?
122110202
In base 10, what is -5 - -93675717?
93675712
In base 6, what is -420 - -12351030?
12350210
In base 11, what is -31aa78 - 2?
-31aa7a
In base 13, what is -798538 - -3?
-798535
In base 13, what is -128c0 - 4?
-128c4
In base 5, what is 1 + 2411102410?
2411102411
In base 3, what is -2211201202202221111 - 0?
-2211201202202221111
In base 12, what is -29a3301 - -4?
-29a32b9
In base 16, what is 9aa7d4 + 5?
9aa7d9
In b